-472. Suppose 0 = -f + 3*f - 10. Calculate the greatest common factor of f and r.
5
Suppose -2646 = 18*y - 9*y. Let f = y + 420. Calculate the highest common factor of f and 567.
63
Let c be (48/4)/(-3) - -4. Suppose -1198 = -4*w - w + 2*g, c = 4*w - 5*g - 955. What is the highest common divisor of w and 30?
30
Let c be (-141)/(-4) + (-1)/4. Suppose -11*j = -166*j + 5425. Calculate the highest common factor of c and j.
35
Suppose -69*x + 119*x - 654600 = 0. What is the highest common factor of 12 and x?
12
Suppose -6*j + j = -4*c + 190, j + 2 = 0. What is the greatest common factor of 3435 and c?
15
Let f be ((-630)/147)/(6/(-21)). Let h(x) = -x - 1. Let s be h(-7). Calculate the highest common divisor of f and s.
3
Suppose v - 3*k + 4 = -0*v, k = 0. Let h be 4 - (-16)/v - -8*27. Suppose 3*t - h = -9*t. What is the highest common divisor of 162 and t?
18
Let g be ((-6696)/620)/((-4)/3180). Calculate the highest common factor of g and 212.
106
Suppose 1 + 2 = 3*g. Suppose 0 = -u + 5 + g. Let d(x) = -79*x + 2582. Let p be d(32). What is the greatest common divisor of p and u?
6
Let q be 595/45 - (740/90 + -8). What is the greatest common divisor of 14339 and q?
13
Let x be 23040/(-216)*6/(-4). Calculate the greatest common divisor of 30 and x.
10
Let m = 240 + -408. Let w = m + 170. Calculate the highest common divisor of 82 and w.
2
Let z = 29039 - 15705. What is the greatest common factor of z and 118?
118
Let y = 459 + -380. Let n = y + -75. Calculate the highest common divisor of n and 44.
4
Suppose -10 = x - 4*s, -2*x - 12 = 5*s - 5. Let c be 25/10 + x/4 - -1. Let f(y) = 7*y**2 + 3*y. Let j be f(-2). What is the highest common divisor of j and c?
2
Suppose -2*n - n - 12*n + 210 = 0. Let a be (-1)/3 + 86/6. Calculate the greatest common factor of a and n.
14
Let v be (-24)/(-7) - (-1 + (-60)/(-42)). Suppose 0 = -2*c - v*o + 76, 13*o - 80 = -3*c + 17*o. What is the greatest common factor of 144 and c?
16
Suppose -5698*x = -5625*x - 584. Calculate the highest common divisor of x and 11576.
8
Let j be (22/10)/(-9 + 952/105). Calculate the greatest common factor of j and 18.
3
Let z = 127 - 125. Suppose -z*m = 5*w + 253, 0*w - 3 = w. Let a = -113 - m. What is the highest common divisor of a and 18?
6
Let f = 71 + -47. Let s be (245 - 317)/((-4)/6*(-2)/(-6)). Calculate the greatest common divisor of s and f.
12
Let y be 15/10*(-2)/3*-803. Calculate the highest common factor of 154 and y.
11
Let d = -16874 - -17089. What is the highest common factor of 49235 and d?
215
Suppose 2*u + 9*u = 22. Suppose 0*m = 2*b + 2*m - 10, u*m = 2*b + 6. Let c be (15 - b) + (-16)/(-4). Calculate the greatest common factor of 162 and c.
18
Let i(d) = 1115*d - 8859. Let s be i(8). Calculate the highest common divisor of 6527 and s.
61
Suppose 4*x + 4*u - 8 = 0, 0*u = 2*x + 3*u. Suppose -888 = -5*i - 6*o, -423*i + 418*i + o = -867. Calculate the greatest common divisor of x and i.
6
Let t = -409 - -689. Let x = -79 - -80. Let j be (9 + -4 - -2)*5*x. What is the greatest common factor of j and t?
35
Let t be (4/((-80)/110) - -7)*10. Calculate the greatest common divisor of t and 505.
5
Let y be (-128784)/2904*-11 + (-8)/(-44). Calculate the greatest common factor of y and 610.
122
Suppose 0 = -376*t + 371*t + 4650. Let m = t - 802. Calculate the greatest common divisor of m and 144.
16
Let x(v) = -151*v - 1173. Let d be x(-8). Calculate the greatest common divisor of 14 and d.
7
Let j(m) = -m**3 - 21*m**2 - 53*m - 38. Let q be j(-16). Let d = -440 - q. What is the greatest common factor of 190 and d?
10
Let f = -328 - -455. Let m = 145 + f. What is the highest common divisor of 17 and m?
17
Let g = -824 - -9722. Calculate the greatest common divisor of 6 and g.
6
Let r be (18/15)/(((-462)/(-220))/21). Suppose 0*a = 3*a - 3*u - 165, -214 = -4*a + 2*u. What is the highest common divisor of r and a?
4
Suppose -k + 46 = -3*q, 34*k + 4*q + 45 = 35*k. What is the highest common divisor of 7987 and k?
49
Let h(w) = -w**3 + 12*w**2 + 35*w - 11. Let a be h(12). Let q = a + -354. What is the greatest common divisor of q and 99?
11
Let h = 7182 + -7178. What is the greatest common factor of 716 and h?
4
Suppose 2*w - 34 = -3*m, 5*w + 247 = 4*m + 286. What is the greatest common divisor of 17809 and w?
11
Suppose 4*v - 132 = -156, -5775 = -3*z + 2*v. What is the greatest common factor of z and 1017?
113
Suppose q - 54 = 8*f - 3*f, 4*f + 32 = -2*q. Let d be (-4)/(-20) - 188/f. What is the highest common divisor of 76 and d?
19
Suppose -2*c - 3*y + 4468 = 0, -y - 3*y + 11149 = 5*c. What is the highest common divisor of c and 25?
25
Suppose -10*y = -4508 - 11422. Calculate the highest common divisor of 27 and y.
27
Let n = -8 - -13. Let b(c) = -5*c + 4 + 173*c**2 + 0 + 179*c**2 - 351*c**2. Let m be b(n). Calculate the greatest common factor of 12 and m.
4
Let s(j) = -j**2 - 7*j. Let o be s(-4). Suppose -o*m + 560 = 16*m. Calculate the highest common factor of m and 380.
20
Let l = 3254 - 3225. What is the highest common factor of l and 1798?
29
Let d = 84 + -98. Let l be (d/7)/(-1) + 56. What is the greatest common divisor of 2 and l?
2
Suppose 54 = 3*a - 78. Suppose -4*y + 5 = -15. Let o(z) = 16*z**2 - 4. Let v be o(y). What is the greatest common divisor of a and v?
44
Let m be (13 - 11) + 7 + -1 - 4. Let j be 1/(297/72 - m). What is the greatest common factor of j and 104?
8
Let j be 1/(3*(-6)/216). Let u(b) = -10*b - 108. Let d be u(j). What is the highest common divisor of d and 132?
12
Let n be (-16 - -8) + 3758 + -9. What is the highest common factor of n and 172?
43
Let b = 127 + -85. Suppose 29*f - 28*f = -5*c + 173, 5*f - 839 = c. Calculate the greatest common divisor of f and b.
42
Suppose -18*c = -6*c - 60. Suppose -c*n = 2*z - 19 + 7, 0 = -n. What is the highest common factor of 66 and z?
6
Suppose -5*u - 2*n + 902 = -n, 0 = 2*u + 4*n - 368. Suppose -45*y + 585 = -71*y + 65*y. What is the greatest common divisor of u and y?
15
Let a be (2 + -4)*5/((-10)/(-16)). Let g be (-282)/a + (-24)/(-64). Calculate the greatest common factor of 153 and g.
9
Let q be ((-78)/15*1/2)/(6/(-570)). Calculate the highest common factor of 779 and q.
19
Suppose 24*c - 82889 - 15895 = 0. What is the greatest common factor of c and 84?
84
Let g(v) = 10*v**2 - 5*v + 3. Let a be g(4). Suppose 3*k - 832 = 4*p, 2*p + k - 33 + 449 = 0. Let l = 221 + p. What is the greatest common factor of l and a?
13
Let d(z) = 3*z**2 - 118*z + 52. Let n be d(39). What is the greatest common factor of n and 832?
13
Let h be 2*1 - (-7 - 271). Suppose -5*i - t + 2 = 0, 3*i - 6 = 7*i - 3*t. Suppose -4*m + 5*m - h = i. Calculate the greatest common divisor of m and 35.
35
Let g = -7759 - -8123. What is the highest common factor of 1508 and g?
52
Let f(b) = -3*b**2 - 79*b - 176. Let a be f(-21). Calculate the highest common factor of 1560 and a.
40
Let s = -125 - -127. Suppose s*m + 1918 = 6*m + 2*p, m - 5*p = 485. Calculate the highest common factor of 15 and m.
15
Let k(g) = 21*g + 3. Let q be k(15). What is the greatest common factor of q and 60?
6
Let y = 1082 - 58. Let b be 29 - -27 - (-9 - -1). Calculate the highest common divisor of y and b.
64
Suppose 12 = 19*y - 22*y. Let n(v) = v**3 + 6*v**2 - 2*v - 14. Let f be n(y). Calculate the highest common factor of 286 and f.
26
Let g = -158 + 360. Suppose i - 293 = -7*r + 4*r, 2*r + 2*i - g = 0. Suppose 188 - 99 = 17*t - 115. What is the greatest common factor of r and t?
12
Suppose 16*t - 17*t = -3*j + 3904, -4*t + 5200 = 4*j. Suppose -j = -4*h - w, h - 2*w = -5*w + 339. Calculate the highest common factor of h and 36.
36
Let m = 7798 - 7633. What is the greatest common divisor of m and 135?
15
Suppose 41*p - 10*p - 2350 = 21*p. What is the greatest common divisor of p and 65095?
235
Let p(i) = -4*i**2 - 31*i - 10. Let j be (7/(-4))/(11/44). Let k be p(j). Suppose -1 = f - 56. Calculate the highest common divisor of k and f.
11
Suppose 2*k + 18 = 3*n, -3*n + k + 21 = -0*n. Suppose 0 = n*v - 6 - 18. Suppose 4*l - 7*l = -18. Calculate the highest common divisor of v and l.
3
Let l = -43 - -93. Suppose -p = 4*r - l, 5*p = 4*r - 5*r + 269. Calculate the highest common factor of 198 and p.
18
Let m(j) = -39*j - 45. Let z be m(-10). Let y = -202 + z. What is the high